v(c) prime?
False
Suppose -5*d + 135865 = 4*z, -2*d - 10*z + 5*z + 54346 = 0. Is d prime?
False
Let i(y) = -40*y**3 + 2*y**2 - 5*y - 25. Is i(-4) composite?
True
Suppose 5*b = 5*z + 4580 + 1235, 3*b + 2*z - 3489 = 0. Suppose -407 = -v + 4*r - 8, -3*v = 5*r - b. Is v prime?
False
Let n be 228/14*2*350/(-4). Let x = -1283 - n. Is x prime?
True
Is ((-10)/(-1))/(26/17953) prime?
False
Suppose -d - 2*x + 11671 = -14862, -2*d + 53090 = -4*x. Is d composite?
False
Suppose u - 2 = -2*j - 21, 5*u - 4*j = -123. Let c = u + 25. Suppose 0 = -3*n - 4*b + 1247, -n = c*b - b - 416. Is n prime?
False
Suppose 4*t + 5*h = 106696, t + 4*h = 8*h + 26653. Is t composite?
False
Is 177201/72 - 6/48 a prime number?
False
Let c(f) = f**3 + 9*f**2 + 20*f + 1. Let p(x) = -2*x**3 - 10*x**2 - 19*x. Let n(q) = -7*c(q) - 6*p(q). Is n(8) prime?
True
Suppose 5*j + 40 + 5 = 0. Let f = j + 12. Suppose -f*i - 5*l + 67 = 0, -51 = -5*i + 4*l - 1. Is i prime?
False
Suppose -5*z + 3149 = 2*n, -4 - 11 = 5*n. Is z prime?
True
Suppose -2*p - 13*r + 10*r = -22388, 4*p + 5*r = 44778. Is p composite?
False
Let h = -15 + 16. Let q be -3 - (12/4 - h). Let k(a) = -22*a + 5. Is k(q) a composite number?
True
Let j(n) = -35*n**3 + 5*n**2 + 15*n - 11. Is j(-6) a composite number?
False
Suppose 4*k - 3*y - 55 = 0, 50 = 3*k - 2*y + 10. Suppose k*o - 2199 = 7*o. Is o composite?
False
Let v(c) = -5272*c - 297. Is v(-8) prime?
True
Let m(j) = 89*j**2 + 5*j - 1. Let a(q) = -178*q**2 - 11*q + 2. Let t(i) = 4*a(i) + 9*m(i). Is t(1) composite?
False
Suppose 2*x + 52 = 22. Is 8886/5 + 48/x + 3 prime?
True
Let x = 15 + -11. Let n = x - 11. Is (-2)/n - 20490/(-70) prime?
True
Suppose 4*m = 2*m + s + 4, 2 = m - 2*s. Suppose 4 = w, -m*c - c - 4*w = -1207. Is c composite?
False
Let t(v) = -3*v - 1. Let m be t(1). Let k = -773 + 770. Is 3565/15 + m/k prime?
True
Let d be -3*(0 + (-1600)/15). Suppose -2*k = -2 - d. Is k composite?
True
Is (15419/5)/(4 + (-190)/50) prime?
False
Suppose -44*a + 512123 = -299897. Is a composite?
True
Let g(f) = -f**3 + 2*f**2 + 4*f - 4. Let y be g(5). Let s = y - -258. Is s composite?
False
Suppose 11*f + 16 + 6 = 0. Is (1 - 2)/(f/94) prime?
True
Suppose -17972 + 4869 = -3*i + 2*p, -5*i = -4*p - 21839. Is i composite?
True
Suppose -87*p = -85*p - 4566. Is p a prime number?
False
Let k(d) = 2*d**3 - 10*d**2 - 40*d + 26. Let l be k(-19). Is (1/(-1 + -2))/(6/l) composite?
False
Let q = 15993 + -11028. Suppose 0 = -12*d + 7*d + q. Is d a prime number?
False
Suppose -4*l - 3*y = -568 - 380, l - y - 244 = 0. Let c = -152 + l. Suppose -c = 5*t - 423. Is t a prime number?
True
Is ((-10)/(-90)*-3)/((-1)/11673) prime?
False
Is (-10)/(-40)*1172*13 composite?
True
Let u = 28 + -24. Suppose u*d - 3054 = -2*d. Is d a prime number?
True
Let x(w) = 286*w - 24. Let d be x(-10). Is (5 - 3)/2 - d prime?
False
Suppose t - s - 33367 = 0, -2*t + 7*s = 8*s - 66728. Is t a composite number?
True
Let y(t) = -t**2 + 8. Let g be y(3). Is (g/2 + 8 + -7)*674 a composite number?
False
Let g = -27 - -543. Let k = -357 + g. Is k composite?
True
Let h be 502/6 + 11/33. Suppose 4681 = 5*m - h. Is m composite?
False
Let v be (-74)/(-8) - 2/8. Let n = 9 - v. Let t(r) = r + 55. Is t(n) composite?
True
Let n(j) = -j + 1. Let a(o) = -2*o + 3. Let f(i) = 2*a(i) - 5*n(i). Let t be f(3). Is (-534 - 0)/(-2) + t a composite number?
False
Let c(b) = b + 6. Suppose -4*l = 2*l + 18. Let g be c(l). Suppose -3*x + 5 = -4, 4*h - 755 = g*x. Is h a prime number?
True
Suppose -4*t - 11653 = -4*g + 1163, -3*g = 4*t - 9605. Is g a prime number?
True
Let n(l) = -l**3 - 5*l**2 - 6*l - 4. Let j be n(-4). Suppose -2*q - j*g + 8*g + 316 = 0, -3*q + 3*g + 483 = 0. Suppose -2*d + 0*d = -q. Is d composite?
True
Suppose -o - 5*f = 7054, 0*o - o + 2*f = 7075. Let d = -4434 - o. Suppose -j + 6*j = d. Is j composite?
True
Let i(t) = -3*t**2 + 22*t - 18. Let f be i(-22). Is f*3/12*-4 composite?
True
Is 7/168*-3 + (-35506)/(-16) a composite number?
True
Let k be (22/3)/(4/(-12)). Suppose -6524 = -5*q - 63819. Is (-4)/k + q/(-77) a composite number?
False
Let o(g) = -17*g - 20*g - g**3 - 13*g**2 + 23*g + 11. Is o(-12) a composite number?
True
Let i be -35*((-24)/(-10) + -2). Let w(j) = -j**3 + 13*j**2 - 6*j - 4. Let r be w(15). Is (i/(-8))/((-8)/r) a composite number?
True
Let r(w) = 23*w**2 - 2*w - 1. Suppose 3*o - 35 = 5*i, -3*i - i = -o + 21. Let v be r(o). Is (2/4)/(6/v) a composite number?
False
Let q be 4*3/2 + 0 + -4. Suppose q*x + 5*w = 1819, -3*w = 3*x + 270 - 2994. Is x composite?
False
Is 587484/24*(-12)/(-18) prime?
True
Suppose 0 = -y + 4*h - 9, -5*h + 24 - 4 = 0. Suppose -3*q + 65950 = y*q. Is q a prime number?
False
Suppose -2*a - 8 = 3*p, 3*a + 3*p = p - 2. Let k be 2 + (2/a - -2). Suppose 0 = 3*n - k*n + 254. Is n a prime number?
True
Let w(r) = -r**3 + 2*r**2 + 20*r + 23. Is w(-8) composite?
False
Let d(w) = 6 - 2*w + 25*w**2 + 5 - 12. Let k be d(-1). Is 4/k + 3417/13 a composite number?
False
Suppose 120 = x - 767. Let p = 2368 - x. Is p prime?
True
Let m = -10 + 9. Let o = 14 + m. Is o a prime number?
True
Let c = -8 + 24. Suppose -3*n = -n + c. Let i(y) = -9*y + 11. Is i(n) a composite number?
False
Let u(y) = -7*y - 1. Let s be u(-1). Let w be (-56)/s - 7/(-21). Let z = 20 + w. Is z a composite number?
False
Suppose -7*s + 32 = s. Suppose s*d - 2*w - 3556 = 0, 4*w = -3*d - w + 2667. Is d composite?
True
Let s(v) = -v**2 + 5*v + 4. Let x be s(5). Let y be (-53)/(-11) + x/22. Suppose y*r + 83 = 6*r. Is r a composite number?
False
Suppose 6*q - 28 = -4. Suppose -8 = 2*w - 2*h, 0 + 8 = q*w + 4*h. Is -2 + 4 - w*157 prime?
False
Let f = -63 + -99. Let q be (-12)/6*f/4. Is 10791/q - 2/9 prime?
False
Let g(d) = 1991*d**2 + 18*d - 180. Is g(7) composite?
True
Suppose -13*u = -10*u - 33744. Suppose 6*s + 2362 = u. Is s a prime number?
True
Let h = 435 - 224. Let v = 350 - h. Is v prime?
True
Suppose 0 = -6*p + p + 5*n + 197415, 0 = p + n - 39491. Is p a prime number?
False
Let b(u) = u**3 - 5*u**2 + 7*u - 10. Let p be b(4). Suppose 302 = p*z - 8. Is z prime?
False
Suppose 837 = 17*v - 8*v. Is v prime?
False
Let n be 324760/16 + (-1)/2. Suppose -4*s + n = 6861. Is s a prime number?
True
Is -3 + -2 - (-5 + -28456 + -7) a composite number?
False
Suppose 213 = 2*i - 1673. Let n = i - 588. Is n a composite number?
True
Suppose 7*n = 23692 - 6073. Is n a composite number?
True
Is 2*9/(-6) + (-111384)/(-7) a composite number?
True
Let q(s) = 326*s + 9. Is q(10) composite?
True
Let c = 2040 + -697. Suppose o - 3*j = 1034, -j + 718 + c = 2*o. Let z = o + 330. Is z composite?
False
Let k(t) = -8597*t - 58. Is k(-3) prime?
True
Let u(f) = 1457*f + 2. Let x = 59 - 56. Is u(x) prime?
True
Let i = 175 + -87. Let r = i + -38. Let h = r - 19. Is h prime?
True
Let m be -4 - (1 + -576) - 2/(-2). Let a = m + 837. Is a a composite number?
False
Let s = 13899 - 682. Is s prime?
True
Suppose -x + 9 = -13. Let v = x - 31. Is 516/8*(-6)/v a prime number?
True
Let l(i) = i**2 - 4*i - 2. Let q be l(6). Suppose 0 = 4*t - x - x - q, -3*t + 9 = -x. Suppose 2*y - 3*m = t*y - 121, 4*m = -3*y + 179. Is y composite?
False
Suppose -30 = 5*f + 5*x, -f + 2*f = 2*x + 6. Is 650 + (f - -3) - -2 composite?
False
Suppose -2*b - 12 = b, 2*n - 5*b + 752 = 0. Let c = n - -609. Is c a composite number?
False
Let o be (-20)/(-16) - (-3)/4. Is (92 - 2 - o) + 3 a composite number?
True
Let p(y) = y**2 - 17*y - 23. Let g be p(18). Is (-7 - g) + 7 - -3780 a prime number?
False
Let k(p) = -p**3 - 7*p**2 - 18*p + 5. Is k(-3) composite?
False
Let a = 1 + -4. Let q be a/(-15) - (-48)/10. Suppose -o = 3*s - 134, -q*s - 5*o + 62 = -178. Is s prime?
True
Suppose 32562 = 4*s + 2*f, 0 = -5*s + 3*f + 13764 + 26966. Is s prime?
False
Suppose -21865 = 6*s - 3*s - 5*t, -4*t = 2*s + 14562. Is 2/3*(2 - s/10) prime?
True
Let o(x) = x**2 + x. Let b(f) = 3*f**2 + 8*f + 15. Let l(h) = b(h) - 2*o(h). Let z be ((-13)/1)/(-2 + 3). Is l(z) a composite number?
True
Let m be 2/(-3)*-3 + -2. Let h(y) = y**3 - y**2 + 631. Is h(m) prime?
True
Let r be -3 + -2 + 2 + 10. Suppose 5*h = r + 3. Suppose y = -2*j + 77, 0 = -y - h*y + j + 238. Is y composite?
False
Let m(s) = 115*s**2 - 2*s + 2. Let x be m(-3). Suppose 622 = -3*n + 5*f, -5*n + f - x = -f. Let g = -118 - n. Is g a composite number?
True
Let o(c) = -2 -